(-311 + -248 + 600)
107
What is the value of (-50 - -10) + (-6 - -6) + 127?
87
Calculate 4 + -70 + (-6 - -8) + (14 - 2).
-52
(-9 + (25 - (-3 - -10)) - 56) + 10
-37
What is the value of 54 + (18 - 79) - (0 - 13) - (2 + -60)?
64
What is the value of 29 + (48 - 90) - (3 - (-2 + -6))?
-24
What is the value of -7 + -1 + -3 + -9 + 1 + 8?
-11
2 - (-108 + 37 - -13)
60
Evaluate 73 + 1 + (0 - 58).
16
Evaluate -22 + (22 - (-7 + 24)).
-17
Evaluate -55 + (-29 - (-73 - -11)).
-22
Evaluate 4 - 14 - (-2 - 16 - 14) - 4.
18
-1 + (-9 + 25 - -9) + 70 + -58
36
Calculate 589 + -584 + (3 + -2 + -1 - -16).
21
Evaluate 22 + (9 - 21 - -1) - 28.
-17
-68 - (-36 - (32 - (27 - -28)))
-55
What is the value of -12 + 33 + -49 + 85?
57
What is 22 + 1 - (28 + -15) - 59 - -10?
-39
Evaluate -13930 - -14017 - (6 - 0).
81
Calculate 71 - 0 - (124 + (-22 - 48) - 53).
70
What is the value of (-30 - 54) + 20 + -2 + 0?
-66
Calculate -68 + (-36 - -20) + 39 - (-2 + -6).
-37
What is (-1 - 4) + 32 + ((-14 - -44) + -12 - 18)?
27
-718 + 729 + (-30 - (1 + 0))
-20
What is the value of 23 + (0 - 9) + 19 + (-3 - (-3 + 5))?
28
Calculate -60 + -1 - ((28 - (34 + -37)) + -28).
-64
What is -25 + -3 - (948 - 956)?
-20
What is (0 - 7) + -56 + (11 + 1 - (68 + -64))?
-55
Calculate (-3 - 28) + 24 - (2 + -2 + 2).
-9
Calculate 13 - (3 - (10 - (-2 + 1 - -25))).
-4
What is the value of (36 + -1 - -67) + 12?
114
What is the value of -13 + (-2 - -3) - (-69 + 130 - (37 + 5))?
-31
What is the value of -2087 + 2097 - ((-3 + -1 - -8) + 112 + -4)?
-102
What is 49 - ((28 - (29 - -10)) + -14)?
74
What is 12 + -9 + (9 - (7 + -5 - -2))?
8
Evaluate -11 - 30 - (58 - 40 - (-2 - -15)).
-46
What is -28 + (-4 - (-6 - 10)) + -6 + -1?
-23
-23 - (46 + -49 - 27) - (-34 + 0 + 0)
41
Evaluate -97 + 137 - (38 - 6).
8
What is the value of -4 + 69 + 2 - (25 - (-42 - -46))?
46
Calculate (0 + -39 - -12) + -17 + 12 + 17.
-15
What is 3267 + -3311 + 59 + 0?
15
What is (-54 - 0) + (-22 - (29 + -44) - -15)?
-46
Calculate 55 + -124 + 25 - (10 + 1).
-55
Evaluate 69 - (-35 + -68 + 98).
74
Evaluate (-318 - -70 - -143) + 29.
-76
What is the value of 16 + (-9 - -14) + -8 - 61?
-48
Calculate -3 + -35 + (-13 - 11) + 20.
-42
What is the value of 1 + -5 + 10 + -17 + 30 + 5?
24
(0 + -108 - (-7668 + 7608)) + 1 + -15 + 1
-61
What is the value of -1 + 0 + -9 - (-27 + 99 - 79)?
-3
Evaluate -53 - 1 - (16 + (2 - 21)).
-51
(10 - ((2 - 1) + -4 - -17) - 2) + 42
36
What is (4 - (7 - (-3 + 1))) + -5 - -13?
3
Calculate (-586 - -612) + 26 + (0 - 4).
48
What is the value of (-10 - (-114 + -3)) + -179?
-72
What is -11 - -1 - (-263 + 267 + 67 + -3 + -1)?
-77
Calculate -9 + 6 + -26 - (6 + -17).
-18
What is the value of 10 + (0 - 66) - -52?
-4
Calculate -33 - (-143 + 63) - 127.
-80
What is the value of 72 - 82 - (35 - -1)?
-46
Calculate -10 - ((-34 - -15) + -4 + 28) - (45 - 0).
-60
What is the value of (1936 - 1763) + (-81 - 14)?
78
Evaluate 1779 + -1731 - (0 + 7).
41
What is the value of 7 - 4 - (-1623 - -1544)?
82
51 + -102 + 3 - -9
-39
((4 - 42) + 10 - (-13 + -5)) + 13
3
What is the value of -45 - (61 - (-63 + 207))?
38
What is (76 - 67) + 13 + -7 + -100 - (1 + -6)?
-80
Calculate -16 - (6 - (11 + 8 + -14 + 6)).
-11
Calculate (-22 - (-123 - -27 - 25)) + -2.
97
(23 - 11) + -5 - (10 + -15)
12
Calculate (-5 - -36 - (85 + -103)) + -10.
39
Evaluate 394 - 355 - (12 + (-8 - 2 - -13)).
24
What is -317 - -323 - ((15 - 1) + (-9 - -6))?
-5
-22 + -11 - 18 - -72
21
Calculate 7 + (-1 - (21 + -24 - 16)).
25
1 - 61 - ((-24 - (13 + -32)) + 2)
-57
Evaluate (-38 - 41 - 16) + 0 + 5 + 1.
-89
3110 + -3139 + 0 + 34
5
-4 - (-7 + (14 - 11) + 6)
-6
What is -5 - (3 + 5 + -18) - -5 - -2?
12
40 - (-52 + 117) - -17
-8
(12 + 2 - 62 - (-13 + -2)) + -9
-42
What is -1391 - -1451 - (43 - -2)?
15
-45 + 6 + -65 - -169
65
What is the value of (1 - 11) + -449 + 415 - (-1 + -5)?
-38
Evaluate 40 + (0 - -3) - (-35 + (-1 - -33)).
46
Evaluate 3 + 138 + (80 - 69).
152
Evaluate 0 + 13 - (75 + -79 + 0).
17
What is -18 + 5 + 6 + -16 - (-36 - -57)?
-44
What is the value of 83 + (4 - -43 - 216)?
-86
Calculate (19 - (39 + -18 - 31)) + 3.
32
3 - (4 + -61) - 3
57
What is the value of (52 - (43 - -21)) + -28?
-40
Evaluate (4 + 22 - (-18 + 53)) + (-2 - 34).
-45
(1 - (-4 + 5 + -69)) + -10 + -32 + 30
57
138 + -152 + 152 - 140
-2
What is (-27 - -2) + -28 + 28?
-25
What is the value of 17 - 2 - (-12569 - -12669)?
-85
-9 - 2 - (-7 + -1 - (-100 - -93))
-10
Evaluate -268 - -268 - ((-9 - 29) + 2).
36
What is -7 + (25 - -34) - (2 + -4 + 2 + 0)?
52
What is -43 - (-87 - 21 - -54)?
11
What is the value of 2 - 89 - (920 + -948)?
-59
What is -3314 + 3310 - (41 - (0 + -2 + 4))?
-43
What is -46 + 133 + -49 - 39?
-1
-42 + (19 - (26 - 36 - -43))
-56
0 - 55 - (-5329 + 5274)
0
What is (22 + (-24 - -7) - 1) + 13?
17
What is 96 - (24 - -41) - (8 + 1)?
22
-1 + 19 + (749 - 773) + -60 + 4 + -2
-64
Evaluate 3 + (-1 - 0) + (41 - (-46 - -75)) + -102.
-88
-6 + (-8 - -23) + 10 + -6
13
Calculate 22 - (-81 - -16 - -55).
32
Calculate 12 + -35 - -16 - (-27 - 11).
31
What is 113 + 0 - (1 + 29 + -166 + (68 - -70))?
111
Calculate -68 + 0 + -2 + -4 + 1 - (93 - 102).
-64
7 + -1 - ((6 - 8 - (-2 + 3)) + 3)
6
What is the value of -1 - -30 - -1 - (33 + 48 + -97 - -17)?
29
Evaluate 2 + (-24 - (-70 - -28)).
20
What is 14 + 69 + -75 - (1 - 25)?
32
What is -4 + -7 - (8 + -5 + 3) - -36?
19
Calculate 5 - (-7 + 101 + -14 - 1) - (-4 - -7).
-77
What is -85 - -8 - (-18 + -18 + 19)?
-60
(9 - 16) + (930 - 885)
38
Calculate 4 + -1 + 16 - (24 + -27).
22
Evaluate -7 - (-38 - (-68 + 42)).
5
What is 5 + (-11 - -4) + (-17 + 6 + -1 - 16)?
-30
What is -123 - (342 + -369 - (0 + -14))?
-110
What is the value of 71 + -31 + 11 + -30?
21
Evaluate 52 + (23 + -38 - -22) - 18.
41
What is the value of 1 - (-117 - (0 + -15 - (-5 + -43 + 45)))?
106
Calculate 14 + 9 + 8 + (-10 - -1).
22
What is the value of (-1 - 99) + (57 - (28 - (-62 + 42)))?
-91
51 - ((-19 - -18) + 26 - 14)
40
What is the value of 2 + (-4 - -8) + -20 + 8?
-6
What is the value of 23 - (3 + -15 + 52)?
-17
42 - (34 + -74 + 60 - 59)
81
Calculate (-9 - 2 - (21 + -22 - 13)) + -49.
-46
Calculate 2 + 19 + -21 - ((65 - -1) + -9).
-57
What is -90 + (13 - -22) - -102?
47
What is -97 + -12 + 119 + -8 + 4 + 19?
25
What is the value of (24 - (-47 - -35)) + -36?
0
Evaluate (-37 - (-60 + 19 - -20)) + 42.
26
44 - 89 - (29 + -60)
-14
What is -7 + 1 - ((6 - 12) + -175 + 196)?
-21
What is the value of 14 + -9 - (8 - (8 + (27 - 0)))?
32
Evaluate 136 - (-161 - -279) - (76 + -1 - 0).
-57
What is -460 + 476 - (-1 + -11 + (-2 - (-7 - -4)))?
27
Calculate -19 + 3 + -6 + (-45 - -168).
101
What is the value of -9 + 37 - (-42 - -70)?
0
What is the value of (247 - 296) + 102 + -18?
35
What is (-20 - 16) + 18 - (32 + 0)?
-50
(-18 - 5 - -15) + (14 - -2) - 6
2
Calculate -17 + 11 - (16 + 37 - 18).
-41
Calculate ((-6 - -2) + 21 - (96 - -1)) + -8.
-88
-59 + -1 - (16472 - 16580)
48
Evaluate (32 - -21) + -8 - (-32 - -20).
57
What is (-29 - (-12 + 6)) + (-64 - -38 - -12)?
-37
What is the value of -7711 + 7707 + (30 + 1 - -3)?
30
What is -55 - (3 + -6) - 2 - (2858 - 2848)?
-64
1 + 9 - (4554 - 4604)
60
12 - (23 + (-34 - -32))
-9
-11 + 0 - ((15 - (18 + -31)) + -6)
-33
14 + 1 + 2 + 145 + -199
-37
What is the value of -1 + -23 - (-16 - (-3 - 12)) - (65 - 66)?
-22
Evaluate (6 - (-1 + -6)) + -24 + (33 - -10).
32
-6 + (-46 + (-49 - -95) - (0 + 1 - -106))
-113
What is (16 - (-12 - -13)) + -2 + -8?
5
-1 - 14 - (-36 + 45 - (-15 + 5))
-34
Evaluate (6 - 5 - 2) + (-2 + -7 + 7 - 84).
-87
What is the value of 1 + 156 + -70 - 131?
-44
What is the value of 183 + -194 - -6 - (-1 - (0 + -1))?
-5
What is the value of 2 + -1 + 21 - (423 + -208 + -221)?
28
61 + (-26 - -47 - 45)
37
What is -29 - (-10 + -1 + 4 + -7 - -9)?
-24
Calculate (-109 - (3 + (-1 - 2))) + (44 - -79) + -136.
-122
Calculate -11 + (-4 - (-37 + -24)).
46
Calculate -14 + -52 + 158 + -42.
50
3 - -3 - (31 - (10 - -35))
20
What is -11 + (0 + 6 - 39 - -6) + 0?
-38
Evaluate (33 - (2 - -49)) + -60.
-78
Evaluate 7509 + -7494 + (8 - (2 + -2) - -1).
24
Evaluate 4 - (-25 + 17 + -7 + -1).
20
What is -297 + 307 - (-1 - -1)?
10
Evaluate (-3 - -139) + (7063 - 7229).
-30
What is the value of -137 + 130 - (1 - (2 - -10 - -4))?
8
Evaluate -41 + -46 + 88 - (-2 - -40).
-37
63 - (41 + (16 - 41))
47
Evaluate (0 - (-35 + 28 - 16)) + 45.
68
